 be (-8)/(-12) + (-2)/(-6). Suppose -c + 3*c = -5*b + 1750, b - 1742 = -2*c. List the prime factors of k/(-4) - c/(-24).
2, 3
Let l = 13 + -25. Let u = -13 - l. List the prime factors of u - (-3)/((-12)/(-88)).
3, 7
Suppose 4*l + 4633 = 4*j + 1089, 3*j - l - 2652 = 0. List the prime factors of j.
883
Suppose 2*j - 138 = -44. What are the prime factors of j?
47
Let y(i) = i**2 + 6*i - 11. Let c be y(-8). Suppose 1 = c*v + 16. Let x = 26 + v. List the prime factors of x.
23
Let m(r) = -3*r. Let d be m(-1). Suppose -1 = -2*c + 21. Suppose 4*x - 9 = 4*j + c, -39 = -3*x - d*j. What are the prime factors of x?
3
Let a(s) = -14*s - 2. Let l be a(2). Let p(c) = -c**3 - 29*c**2 + 31*c + 35. What are the prime factors of p(l)?
5
Let b be 2/(-4)*6 + 63. Suppose -3*v = -5*i - v, 16 = 3*i + 2*v. Suppose b = i*f - 28. What are the prime factors of f?
2, 11
What are the prime factors of -7 + 35/5 + 1271 + -1?
2, 5, 127
Let s(m) be the second derivative of 0 - 5*m + 1/6*m**4 + 7/6*m**3 + 3*m**2. List the prime factors of s(-5).
3, 7
What are the prime factors of (-1425)/38*168/(-9)?
2, 5, 7
Suppose 93 = -2*i + 3*i - 5*l, 5*i - 553 = 3*l. Let s = i + -36. List the prime factors of s.
7, 11
Suppose 1632 + 28 = 5*c - 3*i, -4*i + 332 = c. What are the prime factors of c?
2, 83
Let p(u) = 53*u**2 - 5*u - 40. What are the prime factors of p(-5)?
2, 5, 131
Suppose 679*j - 683*j + 5520 = 0. List the prime factors of j.
2, 3, 5, 23
Let j be (-93)/(-2)*8/(-6). Let f = 29 - j. What are the prime factors of (-1)/(-1)*f/7?
13
Suppose 5*m - 348 = -13. Let d = -54 + m. List the prime factors of d.
13
Let o be 2*(138/(-4) + 1). Let w be 4 + -3 + -1 + -2. List the prime factors of 2*(o/w + -1).
5, 13
Suppose 42 = 13*w - 15*w. What are the prime factors of (-2)/(-6) + (-1211)/w?
2, 29
Let y = -63 + 163. Let m = -8 + y. What are the prime factors of m?
2, 23
Let u = 1084 + -608. What are the prime factors of u?
2, 7, 17
Let d(a) = a**3 - 2*a**2 + 2*a + 685. What are the prime factors of d(0)?
5, 137
What are the prime factors of (15/(-6)*-2 + -4)*669?
3, 223
Let z(v) = 12*v**2 + 4. Let n be z(3). Let t = -71 + n. Suppose 2*w - 5*c + t = 4*w, 3*c - 51 = -2*w. List the prime factors of w.
3, 11
Suppose 3*g - 180 = -2*g. Let z be (-6)/21 + (-4408)/203. Let b = z + g. List the prime factors of b.
2, 7
Suppose 24*t - 21098 = 2*t. What are the prime factors of t?
7, 137
Let t = 987 - 422. Suppose 0 = 4*q - p - t, 3*q + 2*p - 428 = 7*p. List the prime factors of q.
3, 47
Let j(l) = -15*l**2 + 2*l + 4447. What are the prime factors of j(0)?
4447
Suppose 8 = -0*p + 4*p. Suppose -5*k = 4*j + 17, -15 + 45 = -3*j + p*k. List the prime factors of ((-318)/24)/(2/j).
53
Let w = -202 + 252. List the prime factors of w.
2, 5
Let a(o) be the third derivative of 0*o + 0 - 1/6*o**5 + 5*o**2 + 7/3*o**3 - 1/2*o**4 + 1/120*o**6. List the prime factors of a(11).
3
Let o(x) = 115*x**2 + 3*x - 2. Let r be o(-1). List the prime factors of 12914/r - (1 - (-6)/(-10)).
3, 13
Let q = 3 - 1. Suppose 4*g + 5*z + 74 = 0, 0*g - 5*g - 74 = -3*z. List the prime factors of (-87)/q*g/24.
29
Let n(d) = -2*d - 4. Let j be n(-7). Let q = j + -6. What are the prime factors of (19/q)/(5/40)?
2, 19
Let x(t) = -t**3 - 3*t**2 + 2*t - 2. Let z be x(-4). Suppose 4 = -y + z. Suppose 2*a + 0*h - 38 = -h, 0 = 5*a + y*h - 95. List the prime factors of a.
19
Let j(b) = -b - 4*b**2 + 1 - 2 + 3*b + 3*b**2 + 7*b**3. Suppose 4*f - u + 3*u + 4 = 0, 5*u = -f - 19. What are the prime factors of j(f)?
7
Suppose -2*y - 3*y - 1610 = -4*w, 5*y + 10 = 0. What are the prime factors of w?
2, 5
Let r(u) = -2354*u**3 + 3*u**2 + 15*u + 14. What are the prime factors of r(-1)?
2, 19, 31
Let d(w) = 106*w + 60. What are the prime factors of d(23)?
2, 1249
Let i(k) = -k**3 + 11*k**2 - 14*k - 11. Let b be i(10). Let d = b - -158. What are the prime factors of d?
107
List the prime factors of (-41)/(123/(-14706)) + 0.
2, 3, 19, 43
Let t(c) = 10*c**2 - c - 3. Let z be t(2). Let n = z - 33. Suppose -7*q + n*q + 35 = 0. What are the prime factors of q?
7
Suppose -4*j - 316 = -f, -5*f = -f - 2*j - 1194. Suppose 4*v = -2*k + 130, k + 3*k = v + f. What are the prime factors of k?
73
Let v(p) = p**3 + 10*p**2 + 13*p - 7. Let j be v(-7). Let m = j - 5. What are the prime factors of m?
2, 11
Let o be 6*1/2 - 33. Let m be 3/((o/4)/(-5)). Suppose d - 2*d + 4 = 0, m*d - 398 = -5*g. What are the prime factors of g?
2, 3, 13
Let u(n) = 10*n**2 + 24*n + 25. List the prime factors of u(-15).
5, 383
Suppose -4*j = -2*j - q - 470, 3*j - 719 = 5*q. List the prime factors of j.
233
Suppose -6*l + 7*l = -4. Let t be -4*-2*l/8. Let u = t + 61. List the prime factors of u.
3, 19
Suppose -9*u + 1727 = 242. Suppose -u = -p + f, -2*p + 0*f + f + 330 = 0. List the prime factors of p.
3, 5, 11
Let o(q) = 5*q + 2. Suppose -5*c + 3*l = -l - 55, -5*l = -3*c + 46. Let u be o(c). Suppose -8 + u = 3*y + 4*r, 5*y + 2*r = 67. List the prime factors of y.
3, 5
Suppose -w - r + 852 = 0, -4*w + 4*r = 124 - 3548. List the prime factors of w.
2, 7, 61
Suppose -n - f - 22 = 0, -n - 10 = -4*f - 3. Let l = -6 - n. What are the prime factors of l + (4 + 8)/3?
17
Let n(d) = -2*d**3 + 5*d**2 - d + 3. Let i be n(-4). Suppose 4*o - 53 = i. List the prime factors of o.
67
Let g(u) = 30*u**2 + 9*u - 13. List the prime factors of g(4).
503
Suppose 5*c = 3*d + 9 - 40, c = d - 7. Let w(f) = 8*f**3 + 5*f**2 - 4*f - 1. What are the prime factors of w(d)?
3, 5
Suppose -3*l = 7*r - 2*r - 903, -r + 181 = l. Suppose 300 + r = 6*b. List the prime factors of b.
2, 5
Suppose 22 = -5*k - 23. Let x = k + 8. What are the prime factors of 24 - -13 - 0/x?
37
Suppose 7*g = 12*g + 15. Let n be (g/2)/((-6)/(-156)). Let l = 91 + n. What are the prime factors of l?
2, 13
Let g be 1*((2 - 12) + 2). Let t(f) = 7*f - 1. Let l(x) = -6*x. Let w(z) = 4*l(z) + 3*t(z). What are the prime factors of w(g)?
3, 7
Suppose 4*i = -4*q + 17236, 3*i = 38*q - 43*q + 12937. What are the prime factors of i?
2, 269
Let k(w) = -w**2 - 13*w - 24. Let y be k(-11). Let n(v) = -4*v**3 - 2*v**2 + v + 2. What are the prime factors of n(y)?
2, 3
Let u be 8 + -2 - 3 - -1. Suppose -b = -5*t - 4, -3*t = u*b - 0*b - 16. Suppose t*c = -5*c + 155. List the prime factors of c.
31
Let b = 116 + -117. What are the prime factors of (-92)/((b + 2)/(4 + -5))?
2, 23
Let s = -197 - -131. Let k = 46 + s. List the prime factors of k/(-8)*(-56)/(-10).
2, 7
Suppose -404 = -2*c + 256. List the prime factors of c.
2, 3, 5, 11
Let k = 984 + -91. List the prime factors of k.
19, 47
Suppose -5*d - 4*x + 100 = 0, 0*d = 5*d - 2*x - 100. Suppose 5*g - 1 + 19 = 3*n, 0 = 2*g + 2*n + d. List the prime factors of g*(3 + (-27)/3).
2, 3
Let h(v) be the third derivative of v**5/4 + v**4/6 + v**3/6 - v**2 + 4. What are the prime factors of h(-4)?
3, 5
What are the prime factors of (2 - -29)/((-18)/(-234))?
13, 31
Let x(c) = -6*c**2 + 6*c - 21. Let p(t) = -3*t**2 + 3*t - 11. Let i(v) = 5*p(v) - 3*x(v). Let s be i(6). Let n = s + -36. What are the prime factors of n?
2, 31
Let a(h) = h**2 + 26*h + 43. What are the prime factors of a(-48)?
7, 157
Suppose 453 + 691 = 2*c. List the prime factors of c.
2, 11, 13
Let i(m) = -m**3 + 5*m**2 - 3*m + 3. Let u be i(5). Let x be (u/27)/((-6)/27). Suppose x*n - 5*v + 2 - 45 = 0, 0 = -2*v + 10. What are the prime factors of n?
2, 17
Suppose j = 5*v + 2*j - 154, -4*v + 4*j = -104. Suppose 0 = 3*i - 8*i + 105. Let b = v - i. List the prime factors of b.
3
Suppose -i + 0 = -3*t + 1, 4 = 2*t + i. Let j be (1 - t)*3/6. What are the prime factors of j + (-2 - -2) + 5?
5
Let m(n) be the third derivative of n**6/120 - 7*n**5/60 + 5*n**4/12 - 3*n**3/2 - 8*n**2. Let s be m(6). Suppose -s + 199 = 4*k. List the prime factors of k.
2, 23
Suppose 0 = 4*w - 3*x + 54, w - 3*w + x - 26 = 0. Let d be 92/15 + w/90. Suppose d*a - 2*a - 144 = 0. What are the prime factors of a?
2, 3
Suppose 5149 = 16*c - 115. Let u = -196 + c. What are the prime factors of u?
7, 19
Suppose -2*b - 4*i = 42, 0 = 3*b - 4*b + i - 21. Let g be (-2)/(12/b)*2. Suppose 0 = -p + 12 + g. What are the prime factors of p?
19
Let m(b) = b**3 + 8*b**2 + 3*b - 1. Let h be (2/(-16)*6)/(3/24). List the prime factors of m(h).
53
Let l = 473 + -299. Let p = l - 99. What are the prime factors of p?
3, 5